s m(51)?
6
Let d(j) = j**3 + 13*j**2 + 39*j - 18. Calculate d(-6).
0
Let u(v) = -18*v - 2033. Give u(-113).
1
Let s(w) = -w**2 - 54*w + 1036. Determine s(15).
1
Let k(u) = -10*u**2 - 248*u - 1002. What is k(-5)?
-12
Let n(k) = 1095*k - 42685. Calculate n(39).
20
Let y(q) = -4*q**2 - 70*q - 3. Give y(-17).
31
Let s(v) = -v**2 + 32*v + 405. What is s(37)?
220
Let o(y) = -166*y + 913. Give o(4).
249
Let k(q) = q**2 + 30*q - 471. Calculate k(-40).
-71
Let f(l) = -l**3 - 30*l**2 - 59*l - 4. Determine f(-2).
2
Let r(t) = -t**3 - 6*t**2 - 2*t + 21. What is r(-5)?
6
Let t(d) = 2*d**3 + 14*d**2 + 187*d + 666. Determine t(-4).
14
Let a(u) = 39*u - 5509. What is a(141)?
-10
Let p(b) = -6*b**3 - b**2 + 3*b + 5. Determine p(-2).
43
Let d(a) = -2*a + 105. Calculate d(24).
57
Let x(u) = -3*u**3 + 75*u**2 - 28*u + 115. Give x(25).
-585
Let x(g) = g**2 + 23*g + 116. Determine x(-12).
-16
Let j(w) = 101*w - 26999. Determine j(267).
-32
Let t(y) = -299*y + 34680. Calculate t(116).
-4
Let d(f) = -3*f**2 - 200*f - 1408. Calculate d(-8).
0
Let c(p) = -p**3 - 15*p**2 + 33*p + 506. What is c(-15)?
11
Let r(y) = y**2 - 51*y + 95. Calculate r(50).
45
Let p(x) = x**3 - 24*x**2 - 2*x + 42. Calculate p(24).
-6
Let x(l) = 73*l - 4310. Calculate x(59).
-3
Let a(t) = 140*t**2 - 23*t + 23. Determine a(1).
140
Let i(o) = -o**3 - 35*o**2 - 25*o + 48. Give i(-34).
-258
Let n(s) = 597*s + 5184. What is n(-9)?
-189
Let i(p) = 206*p**2 - 1438*p + 1. Calculate i(7).
29
Let k(v) = -41*v - 127. Give k(-3).
-4
Let k(h) = -3*h**3 + 15*h**2 + 2784*h + 341. Determine k(-28).
5
Let c(f) = -32*f**2 + 14*f - 20. What is c(2)?
-120
Let l(a) = -3*a**3 + 47*a**2 + 21*a - 52. Give l(16).
28
Let i(b) = b**2 - 4*b - 25. What is i(-6)?
35
Let u(f) = f**2 - 186*f + 6620. Calculate u(138).
-4
Let w(i) = -399*i - 5184. Give w(-13).
3
Let q(t) = -152*t + 3271. Determine q(22).
-73
Let a(h) = -6*h**2 - 79*h - 303. Determine a(-7).
-44
Let s(i) = -3360*i + 3346. Determine s(1).
-14
Let f(b) = -219*b + 2509. What is f(11)?
100
Let x(m) = 2*m**3 - 175*m**2 - 86*m - 169. Give x(88).
7
Let w(q) = 4*q**2 - 102*q - 46. What is w(26)?
6
Let x(z) = -z**3 - 29*z**2 + 10*z + 1078. Determine x(-28).
14
Let g(z) = z**3 + 8*z**2 + 17*z + 41. Give g(-6).
11
Let r(l) = 4*l**2 + 24*l - 32. Calculate r(-6).
-32
Let y(p) = 1830*p + 38423. What is y(-21)?
-7
Let u(v) = -37*v - 4580. What is u(-124)?
8
Let u(q) = 2*q**3 - 51*q**2 - 27*q - 5. Calculate u(26).
-31
Let n(q) = -q**3 - 5*q**2 + 25*q - 10. Give n(-8).
-18
Let l(u) = u**3 + 102*u**2 - 3*u - 110. Calculate l(-102).
196
Let i(r) = -2*r**3 + 37*r**2 - 92*r + 17. Determine i(16).
-175
Let c(i) = i**2 + 738*i + 9433. What is c(-13)?
8
Let c(z) = -z**3 - 17*z**2 - 64*z - 40. What is c(-12)?
8
Let m(i) = -i**3 - 34*i**2 + 194*i - 81. Give m(-39).
-42
Let i(s) = 2*s**2 - 23*s + 40. Calculate i(9).
-5
Let o(m) = -m**3 - 11*m**2 - 17*m - 7. Give o(-11).
180
Let w(k) = 14*k - 39. What is w(-8)?
-151
Let z(t) = 16*t - 778. Calculate z(49).
6
Let t(c) = -c**3 + 68*c**2 - 866*c - 17. What is t(17)?
0
Let p(a) = -330*a + 653. Determine p(2).
-7
Let c(l) = -l**3 + 197*l**2 - 1160*l + 98. Determine c(6).
14
Let j(q) = -49*q**2 - 222*q - 113. Determine j(-4).
-9
Let l(h) = -h**3 + 9*h**2 - 2*h + 133. Determine l(12).
-323
Let t(q) = q**3 - 13*q**2 + 115*q - 515. What is t(7)?
-4
Let t(y) = -19*y**2 - 668*y - 97. Determine t(-35).
8
Let d(b) = -b**3 + 13*b**2 - 23*b - 27. Determine d(10).
43
Let c(h) = 27*h + 9. What is c(-3)?
-72
Let w(m) = -m**3 + 8*m**2 + 86. Give w(10).
-114
Let t(h) = -h**3 + 5*h**2 - 115*h - 267. Determine t(-2).
-9
Let x(f) = 2*f**3 - 33*f**2 + 17*f - 389. What is x(15)?
-809
Let h(u) = -u**3 - 13*u**2 - 36*u + 30. Calculate h(-6).
-6
Let r(c) = c**3 + 12*c**2 + 36*c + 270. Calculate r(-11).
-5
Let k(y) = -y**3 + 9*y**2 + 2*y + 20. Calculate k(10).
-60
Let p(y) = y**3 - 13*y**2 - 27*y + 572. Give p(9).
5
Let a(p) = 775*p + 38758. Give a(-50).
8
Let j(i) = -2823*i + 14167. Determine j(5).
52
Let n(w) = -24*w - 1364. Give n(-59).
52
Let a(f) = 2*f**2 + 389*f - 4960. What is a(12)?
-4
Let n(i) = -i**3 - 35*i**2 + 35*i - 181. What is n(-36)?
-145
Let h(j) = -4*j**3 + 6*j**2 - 6*j + 15. Calculate h(-4).
391
Let n(q) = -q**3 - 85*q**2 + 438*q - 1092. Calculate n(-90).
-12
Let f(u) = -3*u**2 - 333*u - 5. What is f(0)?
-5
Let d(h) = h**3 + 204*h**2 + 223*h + 4071. Give d(-203).
11
Let i(m) = m**3 - 19*m**2 - 74*m - 91. Determine i(23).
323
Let j(f) = -f**3 - 25*f**2 + 28*f - 3. Give j(-26).
-55
Let p(j) = 16*j**2 - 117*j + 33. Give p(7).
-2
Let x(h) = h**2 - 188*h + 8003. Give x(65).
8
Let d(q) = 86*q + 380. Calculate d(-8).
-308
Let w(z) = z**3 - 10*z**2 + z - 64. Give w(7).
-204
Let j(o) = 4*o**3 - 6*o**2 + 10*o - 3. What is j(4)?
197
Let a(s) = 10*s**2 + 50*s - 9. Determine a(-10).
491
Let i(w) = -13*w**2 + 38*w + 225. Give i(-3).
-6
Let f(j) = 4*j**3 + 117*j**2 + 29*j + 9. What is f(-29)?
9
Let s(c) = 5*c**2 + 20*c + 43. Calculate s(-6).
103
Let x(j) = -j**2 + 135*j - 3750. Give x(96).
-6
Let r(k) = k**3 + 11*k**2 - 170*k - 11. Give r(-20).
-211
Let d(j) = 228*j + 2737. Determine d(-12).
1
Let x(k) = -k**3 + k**2 + 5*k - 2. Determine x(0).
-2
Let a(k) = -3*k**3 + 596*k**2 + 200*k - 182. Determine a(199).
17
Let i(s) = s**3 - 55*s**2 + 103*s + 173. Determine i(53).
14
Let m(x) = 2*x**2 - 547*x + 35309. Give m(169).
-12
Let a(r) = -r**3 + 42*r**2 - 148*r - 1347. What is a(37)?
22
Let d(m) = 13*m + 139. Determine d(-6).
61
Let x(s) = 729*s - 5554. Calculate x(8).
278
Let w(u) = -19*u**2 - 137*u - 2. Determine w(-9).
-308
Let r(z) = -9557*z - 95568. Calculate r(-10).
2
Let h(m) = -539*m + 13437. Determine h(25).
-38
Let n(d) = 3*d**2 - 80*d + 23. Calculate n(26).
-29
Let q(t) = -12*t**2 - 16*t - 17. What is q(-2)?
-33
Let o(v) = v**3 + 122*v**2 - 1465*v - 284. Give o(-133).
-18
Let a(k) = -4*k**2 - 511*k + 1170. Give a(-130).
0
Let o(l) = 27*l - 238. Give o(9).
5
Let a(v) = -v**2 + 63*v + 1384. Determine a(-17).
24
Let b(f) = -f - 134. Determine b(-39).
-95
Let o(l) = 1024*l + 8196. Give o(-8).
4
Let h(q) = q**2 + 3*q - 297. What is h(16)?
7
Let z(p) = p**3 + 9*p**2 - 9*p - 96. Give z(-8).
40
Let u(n) = n**3 - n**2 + 37*n - 169. Calculate u(4).
27
Let f(y) = y**3 + 13*y**2 + 41*y + 351. Calculate f(-12).
3
Let a(h) = -2*h**3 + 13*h**2 + 66*h + 45. What is a(10)?
5
Let h(t) = t**2 - 40*t + 434. What is h(41)?
475
Let f(b) = 2*b**2 + 82*b + 695. Determine f(-34).
219
Let o(v) = 49*v - 70. Calculate o(5).
175
Let o(n) = 3765*n + 56469. Calculate o(-15).
-6
Let g(k) = k**3 + 3*k**2 + 14*k + 59. What is g(-4)?
-13
Let y(o) = -629*o - 13189. What is y(-21)?
20
Let o(a) = -487*a + 20486. Calculate o(42).
32
Let v(y) = -y**3 + 5*y**2 + 10*y - 13. What is v(7)?
-41
Let y(b) = 33*b - 10023. Give y(303).
-24
Let m(x) = 54*x + 377. Determine m(-7).
-1
Let i(t) = 4*t**2 - 26*t + 48. Determine i(6).
36
Let m(o) = 3*o**3 - 2*o**2 + 50. Calculate m(0).
50
Let b(o) = o**2 - 69*o + 1157. What is b(41)?
9
Let w(g) = 8*g + 444. Determine w(-37).
148
Let b(v) = -v**3 - 22*v**2 + 116*v + 3388. Give b(-18).
4
Let d(l) = -2*l**2 + 16*l + 104. Give d(-6).
-64
Let p(w) = 329*w - 1302. What is p(4)?
14
Let v(x) = -x + 145. Give v(-25).
170
Let p(b) = 1503*b - 9009. Determine p(6).
9
Let b(i) = 14*i - 3. Give b(17).
235
Let t(o) = -38*o + 426. Calculate t(15).
-144
Let v(y) = -15*y**2 - 86*y + 27. Calculate v(-6).
3
Let a(p) = p**3 + 2*p**2 - 15*p - 59. Calculate a(-6).
-113
Let j(y) = -19*y**2 - 642*y + 119. Determine j(-34).
-17
Let t(i) = -4*i**3 - 27*i**2 + i - 63. Calculate t(-7).
-21
Let d(t) = 2259*t - 121977. Calculate d(54).
9
Let j(f) = -18*f - 73. Calculate j(-2).
-37
Let v(i) = -8*i**2 - 63*i + 73. Calculate v(-11).
-202
Let u(x) = -x**2 - 24*x - 98. Determine u(-11).
45
Let i(f) = 27*f**2 + 12*f + 19. Calculate i(4).
499
Let c(h) = -h**3 - 2*h**2 + 13*h - 40. Calculate c(4).
-84
Let g(a) = -3*a**3 - 4*a**2 + a + 11. What is g(2)?
-27
Let i(b) = 4046*b - 8061. Determine i(2).
31
Let s(y) = y**3 - 22*y**2 - 79*y + 149. What is s(25)?
49
Let u(n) = 8*n - 86. What is u(20)?
74
Let q(a) = a**3 - 6*a**2 + 20*a - 112. Determine q(6).
8
Let s(d) = -d**3 - d**2 + 13*d - 145. Determine s(0).
-145
Let j(s) = 38*s + 508. Give j(-13).
14
Let v(h) = 7*h**2 + 106*h - 658. Give v(5).
47
Let s